{"id":85196,"date":"2021-07-29T21:55:32","date_gmt":"2021-07-29T19:55:32","guid":{"rendered":"https:\/\/www.romain-claron.fr\/?page_id=85196"},"modified":"2021-07-29T21:56:35","modified_gmt":"2021-07-29T19:56:35","slug":"geisha","status":"publish","type":"page","link":"https:\/\/www.romain-claron.fr\/index.php\/geisha\/","title":{"rendered":"GEISHA"},"content":{"rendered":"<p>[vc_row][vc_column width=&#8221;1\/3&#8243;][vc_column_text]<\/p>\n<h2 style=\"text-align: left;\">GEISHA<\/h2>\n<h2 style=\"text-align: left;\"><img class=\"alignnone wp-image-85016\" src=\"http:\/\/www.romain-claron.fr\/wp-content\/uploads\/2021\/07\/trait.jpg\" alt=\"\" width=\"34\" height=\"4\" srcset=\"https:\/\/www.romain-claron.fr\/wp-content\/uploads\/2021\/07\/trait.jpg 160w, https:\/\/www.romain-claron.fr\/wp-content\/uploads\/2021\/07\/trait-150x19.jpg 150w\" sizes=\"(max-width: 34px) 100vw, 34px\" \/><\/h2>\n<p>[\/vc_column_text][\/vc_column][vc_column column_width_percent=&#8221;100&#8243; gutter_size=&#8221;3&#8243; style=&#8221;light&#8221; overlay_alpha=&#8221;50&#8243; shift_x=&#8221;0&#8243; shift_y=&#8221;0&#8243; shift_y_down=&#8221;0&#8243; z_index=&#8221;0&#8243; medium_width=&#8221;0&#8243; mobile_width=&#8221;0&#8243; width=&#8221;2\/3&#8243;][vc_column_text]Geisha Fashion a \u00e9t\u00e9 fond\u00e9e en 2001 par Mark Jessurun, qui avait une formation dans la production de mode et la vente au d\u00e9tail, avec ses propres magasins de v\u00eatements aux Pays-Bas. L&#8217;un des probl\u00e8mes rencontr\u00e9s par Mark Jessurun en tant que d\u00e9taillant s&#8217;est av\u00e9r\u00e9 \u00eatre les coupes de jeans. Ses clientes recherchaient le jean parfait. Les jeans dont elles pourraient tomber amoureuses et acheter encore et encore. Le d\u00e9fi ultime de Mark Jessurun \u00e9tait de <strong><mark>cr\u00e9er la coupe parfaite<\/mark><\/strong> et de <strong><mark>lancer une nouvelle marque<\/mark><\/strong>. La cr\u00e9ativit\u00e9 est l&#8217;un des mots-cl\u00e9s: jouer avec les th\u00e8mes de la mode, les couleurs, les imprim\u00e9s et les tissus. Anticiper les tendances est tr\u00e8s important, tout comme s&#8217;inspirer des livres, des magazines, des expositions, des city trips et du street style. Des comp\u00e9tences techniques ainsi qu\u2019un savoir-faire historique caract\u00e9risent la marque. Geisha Fashion est d\u00e9stin\u00e9 \u00e0 la femme ind\u00e9pendante de tout \u00e2ges qui aimerait s&#8217;habiller comme elle se sent. Dans chaque collection, un bon \u00e9quilibre a \u00e9t\u00e9 trouv\u00e9 entre ludique et f\u00e9minin, avec de beaux imprim\u00e9s, des tissus confortables et de belles mailles. Ce qui a commenc\u00e9 par la recherche du jean parfait est devenu l&#8217;une des plus grandes marques qui produit chaque ann\u00e9e quatre collections.[\/vc_column_text][\/vc_column][\/vc_row][vc_row][vc_column width=&#8221;1\/1&#8243;][vc_gallery el_id=&#8221;gallery-404820&#8243; medias=&#8221;85197,85198,85199,85200,85201,85202,85204,85205,85206,85207,85208,85209,85210,85211,85212&#8243; gutter_size=&#8221;3&#8243; screen_lg=&#8221;1000&#8243; screen_md=&#8221;600&#8243; screen_sm=&#8221;480&#8243; single_overlay_opacity=&#8221;50&#8243; single_padding=&#8221;2&#8243;][\/vc_column][\/vc_row][vc_row][vc_column width=&#8221;1\/3&#8243;][vc_single_image media=&#8221;85105&#8243; media_width_use_pixel=&#8221;yes&#8221; alignment=&#8221;center&#8221; media_width_pixel=&#8221;100&#8243;][\/vc_column][vc_column width=&#8221;1\/3&#8243;][vc_column_text text_lead=&#8221;small&#8221;]<\/p>\n<p class=\"p1\">T\u00e9l \u2022 06 20 29 60 41<br \/>\nMail \u2022 romain@romain-claron.fr<br \/>\nSite \u2022 www.romain-claron.fr<\/p>\n<p>[\/vc_column_text][\/vc_column][vc_column width=&#8221;1\/3&#8243;][vc_column_text text_lead=&#8221;small&#8221;]<\/p>\n<p class=\"p1\">Showroom \u2014 Rh\u00f4ne-Alpes \u2014 Sud-Est<br \/>\n330, all\u00e9e des H\u00eatres \u2014 Les Bureaux de l\u02bc\u00e9tang &#8211; Hall B<br \/>\n69760 Limonest \u2014 France<\/p>\n<p>[\/vc_column_text][\/vc_column][\/vc_row]<\/p>\n","protected":false},"excerpt":{"rendered":"<p>[vc_row][vc_column width=&#8221;1\/3&#8243;][vc_column_text] GEISHA [\/vc_column_text][\/vc_column][vc_column column_width_percent=&#8221;100&#8243; gutter_size=&#8221;3&#8243; style=&#8221;light&#8221; overlay_alpha=&#8221;50&#8243; shift_x=&#8221;0&#8243; shift_y=&#8221;0&#8243; shift_y_down=&#8221;0&#8243; z_index=&#8221;0&#8243; medium_width=&#8221;0&#8243; mobile_width=&#8221;0&#8243; width=&#8221;2\/3&#8243;][vc_column_text]Geisha Fashion a \u00e9t\u00e9 fond\u00e9e en [&hellip;]<\/p>\n","protected":false},"author":1,"featured_media":0,"parent":0,"menu_order":0,"comment_status":"closed","ping_status":"closed","template":"","meta":[],"yoast_head":"<!-- This site is optimized with the Yoast SEO plugin v16.8 - https:\/\/yoast.com\/wordpress\/plugins\/seo\/ -->\n<title>GEISHA -<\/title>\n<meta name=\"robots\" content=\"index, follow, max-snippet:-1, max-image-preview:large, max-video-preview:-1\" \/>\n<link rel=\"canonical\" href=\"https:\/\/www.romain-claron.fr\/index.php\/geisha\/\" \/>\n<meta property=\"og:locale\" content=\"en_US\" \/>\n<meta property=\"og:type\" content=\"article\" \/>\n<meta property=\"og:title\" content=\"GEISHA -\" \/>\n<meta property=\"og:description\" content=\"[vc_row][vc_column width=&#8221;1\/3&#8243;][vc_column_text] GEISHA [\/vc_column_text][\/vc_column][vc_column column_width_percent=&#8221;100&#8243; gutter_size=&#8221;3&#8243; style=&#8221;light&#8221; overlay_alpha=&#8221;50&#8243; shift_x=&#8221;0&#8243; shift_y=&#8221;0&#8243; shift_y_down=&#8221;0&#8243; z_index=&#8221;0&#8243; medium_width=&#8221;0&#8243; mobile_width=&#8221;0&#8243; width=&#8221;2\/3&#8243;][vc_column_text]Geisha Fashion a \u00e9t\u00e9 fond\u00e9e en [&hellip;]\" \/>\n<meta property=\"og:url\" content=\"https:\/\/www.romain-claron.fr\/index.php\/geisha\/\" \/>\n<meta property=\"article:modified_time\" content=\"2021-07-29T19:56:35+00:00\" \/>\n<meta property=\"og:image\" content=\"http:\/\/www.romain-claron.fr\/wp-content\/uploads\/2021\/07\/trait.jpg\" \/>\n<meta name=\"twitter:card\" content=\"summary_large_image\" \/>\n<meta name=\"twitter:label1\" content=\"Est. reading time\" \/>\n\t<meta name=\"twitter:data1\" content=\"2 minutes\" \/>\n<script type=\"application\/ld+json\" class=\"yoast-schema-graph\">{\"@context\":\"https:\/\/schema.org\",\"@graph\":[{\"@type\":\"WebSite\",\"@id\":\"https:\/\/www.romain-claron.fr\/#website\",\"url\":\"https:\/\/www.romain-claron.fr\/\",\"name\":\"\",\"description\":\"\",\"potentialAction\":[{\"@type\":\"SearchAction\",\"target\":{\"@type\":\"EntryPoint\",\"urlTemplate\":\"https:\/\/www.romain-claron.fr\/?s={search_term_string}\"},\"query-input\":\"required name=search_term_string\"}],\"inLanguage\":\"en-US\"},{\"@type\":\"ImageObject\",\"@id\":\"https:\/\/www.romain-claron.fr\/index.php\/geisha\/#primaryimage\",\"inLanguage\":\"en-US\",\"url\":\"http:\/\/www.romain-claron.fr\/wp-content\/uploads\/2021\/07\/trait.jpg\",\"contentUrl\":\"http:\/\/www.romain-claron.fr\/wp-content\/uploads\/2021\/07\/trait.jpg\"},{\"@type\":\"WebPage\",\"@id\":\"https:\/\/www.romain-claron.fr\/index.php\/geisha\/#webpage\",\"url\":\"https:\/\/www.romain-claron.fr\/index.php\/geisha\/\",\"name\":\"GEISHA -\",\"isPartOf\":{\"@id\":\"https:\/\/www.romain-claron.fr\/#website\"},\"primaryImageOfPage\":{\"@id\":\"https:\/\/www.romain-claron.fr\/index.php\/geisha\/#primaryimage\"},\"datePublished\":\"2021-07-29T19:55:32+00:00\",\"dateModified\":\"2021-07-29T19:56:35+00:00\",\"breadcrumb\":{\"@id\":\"https:\/\/www.romain-claron.fr\/index.php\/geisha\/#breadcrumb\"},\"inLanguage\":\"en-US\",\"potentialAction\":[{\"@type\":\"ReadAction\",\"target\":[\"https:\/\/www.romain-claron.fr\/index.php\/geisha\/\"]}]},{\"@type\":\"BreadcrumbList\",\"@id\":\"https:\/\/www.romain-claron.fr\/index.php\/geisha\/#breadcrumb\",\"itemListElement\":[{\"@type\":\"ListItem\",\"position\":1,\"name\":\"Home\",\"item\":\"https:\/\/www.romain-claron.fr\/\"},{\"@type\":\"ListItem\",\"position\":2,\"name\":\"GEISHA\"}]}]}<\/script>\n<!-- \/ Yoast SEO plugin. -->","yoast_head_json":{"title":"GEISHA -","robots":{"index":"index","follow":"follow","max-snippet":"max-snippet:-1","max-image-preview":"max-image-preview:large","max-video-preview":"max-video-preview:-1"},"canonical":"https:\/\/www.romain-claron.fr\/index.php\/geisha\/","og_locale":"en_US","og_type":"article","og_title":"GEISHA -","og_description":"[vc_row][vc_column width=&#8221;1\/3&#8243;][vc_column_text] GEISHA [\/vc_column_text][\/vc_column][vc_column column_width_percent=&#8221;100&#8243; gutter_size=&#8221;3&#8243; style=&#8221;light&#8221; overlay_alpha=&#8221;50&#8243; shift_x=&#8221;0&#8243; shift_y=&#8221;0&#8243; shift_y_down=&#8221;0&#8243; z_index=&#8221;0&#8243; medium_width=&#8221;0&#8243; mobile_width=&#8221;0&#8243; width=&#8221;2\/3&#8243;][vc_column_text]Geisha Fashion a \u00e9t\u00e9 fond\u00e9e en [&hellip;]","og_url":"https:\/\/www.romain-claron.fr\/index.php\/geisha\/","article_modified_time":"2021-07-29T19:56:35+00:00","og_image":[{"url":"http:\/\/www.romain-claron.fr\/wp-content\/uploads\/2021\/07\/trait.jpg"}],"twitter_card":"summary_large_image","twitter_misc":{"Est. reading time":"2 minutes"},"schema":{"@context":"https:\/\/schema.org","@graph":[{"@type":"WebSite","@id":"https:\/\/www.romain-claron.fr\/#website","url":"https:\/\/www.romain-claron.fr\/","name":"","description":"","potentialAction":[{"@type":"SearchAction","target":{"@type":"EntryPoint","urlTemplate":"https:\/\/www.romain-claron.fr\/?s={search_term_string}"},"query-input":"required name=search_term_string"}],"inLanguage":"en-US"},{"@type":"ImageObject","@id":"https:\/\/www.romain-claron.fr\/index.php\/geisha\/#primaryimage","inLanguage":"en-US","url":"http:\/\/www.romain-claron.fr\/wp-content\/uploads\/2021\/07\/trait.jpg","contentUrl":"http:\/\/www.romain-claron.fr\/wp-content\/uploads\/2021\/07\/trait.jpg"},{"@type":"WebPage","@id":"https:\/\/www.romain-claron.fr\/index.php\/geisha\/#webpage","url":"https:\/\/www.romain-claron.fr\/index.php\/geisha\/","name":"GEISHA -","isPartOf":{"@id":"https:\/\/www.romain-claron.fr\/#website"},"primaryImageOfPage":{"@id":"https:\/\/www.romain-claron.fr\/index.php\/geisha\/#primaryimage"},"datePublished":"2021-07-29T19:55:32+00:00","dateModified":"2021-07-29T19:56:35+00:00","breadcrumb":{"@id":"https:\/\/www.romain-claron.fr\/index.php\/geisha\/#breadcrumb"},"inLanguage":"en-US","potentialAction":[{"@type":"ReadAction","target":["https:\/\/www.romain-claron.fr\/index.php\/geisha\/"]}]},{"@type":"BreadcrumbList","@id":"https:\/\/www.romain-claron.fr\/index.php\/geisha\/#breadcrumb","itemListElement":[{"@type":"ListItem","position":1,"name":"Home","item":"https:\/\/www.romain-claron.fr\/"},{"@type":"ListItem","position":2,"name":"GEISHA"}]}]}},"_links":{"self":[{"href":"https:\/\/www.romain-claron.fr\/index.php\/wp-json\/wp\/v2\/pages\/85196"}],"collection":[{"href":"https:\/\/www.romain-claron.fr\/index.php\/wp-json\/wp\/v2\/pages"}],"about":[{"href":"https:\/\/www.romain-claron.fr\/index.php\/wp-json\/wp\/v2\/types\/page"}],"author":[{"embeddable":true,"href":"https:\/\/www.romain-claron.fr\/index.php\/wp-json\/wp\/v2\/users\/1"}],"replies":[{"embeddable":true,"href":"https:\/\/www.romain-claron.fr\/index.php\/wp-json\/wp\/v2\/comments?post=85196"}],"version-history":[{"count":2,"href":"https:\/\/www.romain-claron.fr\/index.php\/wp-json\/wp\/v2\/pages\/85196\/revisions"}],"predecessor-version":[{"id":85215,"href":"https:\/\/www.romain-claron.fr\/index.php\/wp-json\/wp\/v2\/pages\/85196\/revisions\/85215"}],"wp:attachment":[{"href":"https:\/\/www.romain-claron.fr\/index.php\/wp-json\/wp\/v2\/media?parent=85196"}],"curies":[{"name":"wp","href":"https:\/\/api.w.org\/{rel}","templated":true}]}}